/39 - 488/b a prime number?
True
Suppose -i = 1 - 0. Is 13 + 1142 + (i - -3) composite?
True
Let p = -29876 + 42249. Is p a composite number?
False
Let t(s) = s - 2. Let q be t(6). Is ((-852)/(-16))/(3/q) a prime number?
True
Let z(w) = -243*w + 13. Suppose -114 = 9*i + 10*i. Is z(i) a prime number?
True
Let b be (-4)/(-16)*(1 + 7). Suppose -b*i - 4*c = -18706, -4*i - 2*c = -7*c - 37425. Is i prime?
False
Suppose -8*g = 3485 - 34741. Is g composite?
False
Suppose -3*j + 8 = 2*a - 2*j, -j = -3*a + 22. Let w(t) = t**2 + 3*t - 5. Is w(a) a composite number?
True
Is (10/90)/(2/1627866) a composite number?
False
Let x = 2345 - -324. Is x a composite number?
True
Suppose 0 = -a + 3*a. Let q be -1*(a - (294 + 2)). Suppose 0*b + 8*b = q. Is b a prime number?
True
Let h be ((-154768)/352 - 4/(-22))*-2. Suppose -2*b - 11 = 5*f, -4*b - 2*f + 6*f + 20 = 0. Suppose b*w = -w + h. Is w a composite number?
False
Is 2 + 18/(-8) - 1796058/(-264) composite?
False
Suppose -14 = -5*g - 4*s, 5*s = -3*g + 7 + 4. Suppose 0 = 2*z + 2*c - 1118, -2*z = -g*c - 1034 - 92. Is z*((-8)/(-6) - 1) a prime number?
False
Let i(a) = -a**2 - 11*a - 7. Let b be i(-10). Suppose -38 = -2*x + 3*d, 0 = 2*x - 7*x + b*d + 77. Suppose 69 = -12*u + x*u. Is u composite?
True
Let t(x) = -15*x**3 + x**2 - 5*x - 7. Let j be t(-3). Let i be -2 - (2 + 0 + -10). Is (j/8)/(i/24) prime?
True
Is (3 - -3) + (-5700)/(-20) a composite number?
True
Is 28/4 - (7 - 2321) composite?
True
Suppose -3*s = 4*f - 2942, -9*s = -5*s - 8. Is f a composite number?
True
Is (-8)/11*-17398 - (-130)/(-1430) a prime number?
True
Let a be 6/(-9) - 3322/3. Let y = a + 1643. Is y composite?
True
Suppose 0 = -42*b + 36*b + 46914. Is b composite?
True
Let u be (-94)/(-30) - 1 - (-50)/(-375). Suppose u*j - 4*j + 86 = 0. Is j prime?
True
Suppose 2*y - 15200 = -2922. Is y a composite number?
True
Let x = -2134 - -4233. Is x a prime number?
True
Let n = -156 - -60. Let q = -19 - n. Is q a composite number?
True
Let x(t) = -2*t + 7. Let o(j) = j + 1. Let w(s) = -3*o(s) - x(s). Let n be w(-13). Suppose z + 2*c = 3*z - 262, 5*z = n*c + 659. Is z composite?
True
Suppose 0*o - 5*o - 2961 = -4*c, -o - 1 = 0. Let p = 1370 - c. Is p composite?
False
Suppose 0 = -2*r - 6, 0 = 4*z + z + 2*r - 103499. Is z composite?
True
Let z(w) = w**3 - w**2 - 3*w + 1257. Let h be z(0). Let f = -578 + h. Is f composite?
True
Let g = -1896 + 5857. Is g a prime number?
False
Let v = -51 + 60. Suppose -1827 = -v*h - 0*h. Is h a composite number?
True
Let t(m) = -915*m + 897. Is t(-6) a prime number?
False
Is (20/80)/(2/3272) a composite number?
False
Let s be (1 - 2)/((-6)/18). Suppose -4578 - 99 = -s*t. Is t a composite number?
False
Is 174/36 + -4 + 25265/30 prime?
False
Suppose 5*c = 3*c. Let y(d) = -11 + 42 + 24 + d. Is y(c) prime?
False
Let t(l) = -l**3 - l**2 + 62. Suppose 8*g - 5*g = 0. Let y be t(g). Let w = y + -36. Is w composite?
True
Let p(y) = 34*y**3 + y**2 + 9*y + 16. Let k be p(-5). Is (-2 + 1)/(3*2/k) prime?
True
Let w be -1*(-6)/((-3)/3). Let u = w + 4. Is (-1 - u)*2611/7 a composite number?
False
Let u(d) be the first derivative of d**2 - 6*d - 2. Let c be u(4). Suppose -5*o = -c*k - k + 250, k + 5*o = 90. Is k composite?
True
Let f(u) = -60*u - 1. Suppose 4*b = 2*s + 6, -2*b - 3*b - 12 = 4*s. Suppose -6*r + r - 5 = b. Is f(r) prime?
True
Let a(d) = d - 1. Let v be a(3). Let s be -2 - (-303)/(7 - 4). Suppose -v*l = -5*l + s. Is l a prime number?
False
Suppose -2*r - 5 = -21. Is ((-394)/r)/(1/(-52)) + -4 composite?
False
Let n be (-45)/5*(-1 - -4)/(-3). Is (n/(-6) + 1)*-3278 a prime number?
False
Let y be (-5 + (-78)/(-12))/(3/(-44)). Is 4/y + 0 + (-158)/(-22) a prime number?
True
Let z be (-35)/(-10) + 1/(-2). Let b(r) = -2*r + 8. Let i be b(6). Is (-1 + z)*(-266)/i a composite number?
True
Let y = 24509 - 6646. Is y prime?
True
Suppose 5*w + 41703 = 4*n, -13*n - w + 52136 = -8*n. Is n a prime number?
True
Let w = 28 - 10. Suppose 0 = 6*b - b + 4*a + 65, 2*b = 4*a - 54. Let v = w - b. Is v a composite number?
True
Let w(v) = v**2 + 6. Let z = 28 - 15. Suppose -5*t - z = 37. Is w(t) prime?
False
Let k(c) = c - 17. Let x be k(15). Is (-2 - 3664/6)*3/x a prime number?
True
Suppose -4*s - 5*o + 1289 = 0, 5*s - 4*o = -0*s + 1601. Let p = -143 + s. Let w = 287 - p. Is w a prime number?
True
Suppose -2*h + 21 = 5*z, -2*z + 8 = -h + 2*h. Let f = -5 - h. Is ((-2)/f)/(2/381) a prime number?
True
Let f(y) be the third derivative of y**6/120 - y**5/15 - y**4/24 + y**3/3 - 2*y**2. Let j be f(4). Let k = j - -15. Is k composite?
False
Suppose -8*d - 1 = -7*d. Is d + -1 - 84/(-3 - 1) a composite number?
False
Suppose 4*w - w = 6. Let u be 1*-2*15/3. Is w/u + (-798)/(-15) a prime number?
True
Let a(s) = 34*s - 13. Let v(q) = -33*q + 13. Let b(p) = 6*a(p) + 7*v(p). Is b(-4) a prime number?
False
Suppose -4*v = -2*j + 30, 0*v = 5*j - 2*v - 67. Let q = -9 + j. Let w(s) = 3*s**3 - 4*s**2 - 3*s - 5. Is w(q) a composite number?
True
Let o = -263 + 130. Let a = o + 540. Is a a prime number?
False
Let k be (-7*6)/((-651)/129 - -5). Suppose -5*u + k = -2*s, -3*u - 4*s - 122 = -643. Is u a composite number?
False
Let d(h) = 54 + 180*h - 35*h - 20. Is d(7) prime?
True
Let h = -25 + 43. Let b(n) = n**3 - 19*n**2 + 17*n + 23. Let s be b(h). Suppose -r - 88 = -s*r. Is r prime?
False
Suppose -60 = -4*r - 3*n - 4, 5*r = -n + 81. Suppose 15*i = r*i - 938. Is i a prime number?
False
Let b(i) be the second derivative of 59*i**3/6 + 15*i**2/2 + 15*i. Is b(14) a composite number?
True
Let t(v) be the third derivative of -v**6/60 - v**5/4 + v**4/12 + 37*v**3/6 - 13*v**2. Is t(-18) a composite number?
True
Let d be 697/221 - (-4)/(-26). Suppose -d*j + 930 + 651 = 0. Is j composite?
True
Suppose -15983 - 5716 = -9*s. Is s prime?
True
Let l = -2055 + 21262. Is l a prime number?
True
Let d be 30/(-7)*-1*7. Suppose -2*c - 6 = -3*r, 0 = -4*c - 4*r + r - d. Let a(w) = w**2 - 4*w + 9. Is a(c) prime?
False
Let i(q) = q**3 - 23*q**2 + 25*q + 11. Suppose -5*m + 56 = 5*h - 2*h, -m = h - 20. Is i(h) prime?
False
Let p = 346466 + -215467. Is p prime?
False
Suppose 0 = -2*a + 1160 - 358. Suppose -a + 65 = 2*u. Let y = u + 331. Is y a prime number?
True
Let y(i) = 50*i**2 - 10*i - 7. Let h be y(5). Is -3*(-1)/3*h a prime number?
True
Let o(g) = -5*g**3 + g**2 + 2*g - 5. Let r be o(5). Let l = r + 2217. Is l a composite number?
True
Suppose -3*c + 29637 = 2*s, c = -2*c - s + 29640. Is c prime?
False
Let r(f) = f**2 + 5*f - 2. Let m be r(-4). Let c be (m/(-2) - 26)*-9. Let k = c + -113. Is k prime?
False
Let v(k) = -8 + k - k - 30 + 5*k. Is v(9) a composite number?
False
Let b(d) = 58*d**2 + 12*d + 31. Is b(10) a composite number?
True
Let s = 1740 + -527. Is s a composite number?
False
Suppose -3*z + 3*x - 6 = -0, -x + 2 = -2*z. Let b be -2 + -2 + (1 - -7). Suppose z = 2*p - b*p + 242. Is p composite?
True
Let a(x) = x**3 - 9*x**2 - 23*x + 10. Let q be a(11). Is -3 + 336 + q + 0 + -1 a prime number?
True
Suppose 72415 = 215*g - 210*g. Is g a composite number?
True
Suppose 2*o - 5*a + 3*a = -2104, 2*o + 2104 = a. Is (-3 - o)*(-1 + 2) prime?
True
Suppose 15 = 3*q + b, q + 3*b = -3*q + 25. Let r(f) = 11 - 5 + q + 52*f - f. Is r(5) composite?
True
Suppose 4*n = 5*v - 4422, -4*v + 190 = n - 3356. Suppose -q + v = q - 4*z, -859 = -2*q - 5*z. Is q a composite number?
True
Suppose 2*m = -2*m + 220. Suppose -25*z = -35*z - 200. Let n = z + m. Is n composite?
True
Let v = -20560 + 29419. Is v a composite number?
True
Is (-1 + 3)*6998/4 a composite number?
False
Suppose 132 = -0*c + 6*c. Suppose -3*s - 10 = -c. Suppose -2*n - 4*o + 38 = n, -s*n + 5*o + 61 = 0. Is n a composite number?
True
Let q(g) = 293*g**2 + 2*g + 16. Is q(-3) composite?
False
Suppose -3*z - 2*z + 10 = 0. Let t(x) = 8*x - 2. Is t(z) prime?
False
Suppose 3*o = 4*o + o. Suppose -118 = -o*j - 2*j. Is j composite?
False
Let r be (1 - 0)*-5*(-36)/10. Suppose r*p - 1735 = 13*p. Is p a prime number?
True
Let k(d) = -d**3 - d + 497. Let m be k(0). Suppose 2*j = m + 151. Suppose -j = 5*z - 1409. Is z a composite number?
True
Suppose -53*s = -46*s - 70427. Is s prime?
True
Let i be 3/6*(-838)/1. Is i/(-4)*(2 + 2) a prime number?
True
Let z(d) = -2*d + 22. Let h be z(9). Suppose 2*q = -6*j + 3*j - 629, 414 = -2*j - h*q. Is j*-1*(0 - -1) p